s the millions digit of 1337948918?
7
What is the hundred thousands digit of 2822971737?
9
What is the units digit of 444468186?
6
What is the units digit of 36287707?
7
What is the units digit of 218359454?
4
What is the ten thousands digit of 65295812?
9
What is the ten thousands digit of 164636496?
3
What is the ten millions digit of 59558375?
5
What is the millions digit of 3074467795?
4
What is the hundreds digit of 268287123?
1
What is the units digit of 3202495?
5
What is the units digit of 72897589?
9
What is the millions digit of 114884788?
4
What is the ten millions digit of 450072590?
5
What is the hundred thousands digit of 3530993?
5
What is the hundred thousands digit of 3857516632?
5
What is the hundreds digit of 22789547?
5
What is the tens digit of 471729766?
6
What is the units digit of 38203245?
5
What is the hundred millions digit of 1017273177?
0
What is the hundred thousands digit of 83125534?
1
What is the thousands digit of 20598322?
8
What is the thousands digit of 625544877?
4
What is the hundred thousands digit of 31108434?
1
What is the ten thousands digit of 996966687?
6
What is the thousands digit of 76115911?
5
What is the ten thousands digit of 480315191?
1
What is the hundred millions digit of 107902739?
1
What is the ten thousands digit of 1415671716?
7
What is the ten thousands digit of 74443289?
4
What is the ten millions digit of 610059206?
1
What is the millions digit of 273918400?
3
What is the hundred thousands digit of 7662764?
6
What is the ten millions digit of 198603182?
9
What is the units digit of 638426873?
3
What is the tens digit of 282111857?
5
What is the units digit of 383744148?
8
What is the thousands digit of 47794044?
4
What is the tens digit of 51829133?
3
What is the thousands digit of 1166214813?
4
What is the ten thousands digit of 578874660?
7
What is the thousands digit of 2062856425?
6
What is the hundred millions digit of 118654062?
1
What is the hundred millions digit of 5041911954?
0
What is the thousands digit of 3816146?
6
What is the tens digit of 174423493?
9
What is the hundreds digit of 56374032?
0
What is the hundred thousands digit of 119871171?
8
What is the hundreds digit of 21185051?
0
What is the hundred millions digit of 107615068?
1
What is the hundreds digit of 2364875550?
5
What is the ten thousands digit of 46281807?
8
What is the hundred thousands digit of 126576589?
5
What is the hundred millions digit of 341190031?
3
What is the tens digit of 609711200?
0
What is the hundred millions digit of 173154600?
1
What is the hundred millions digit of 2589561760?
5
What is the hundred millions digit of 2397609160?
3
What is the hundreds digit of 57798050?
0
What is the thousands digit of 35759182?
9
What is the millions digit of 37310454?
7
What is the hundred thousands digit of 550067676?
0
What is the hundred thousands digit of 144952099?
9
What is the hundred millions digit of 261235529?
2
What is the units digit of 242575698?
8
What is the ten millions digit of 3090745211?
9
What is the tens digit of 69606211?
1
What is the hundred thousands digit of 161034791?
0
What is the units digit of 52907036?
6
What is the units digit of 8057355?
5
What is the ten thousands digit of 335064250?
6
What is the ten millions digit of 1827759699?
2
What is the millions digit of 89963906?
9
What is the units digit of 96459278?
8
What is the hundreds digit of 1362003456?
4
What is the millions digit of 74303915?
4
What is the ten millions digit of 181158044?
8
What is the ten millions digit of 1494077823?
9
What is the tens digit of 197750102?
0
What is the tens digit of 447145597?
9
What is the tens digit of 95609591?
9
What is the hundreds digit of 2367374052?
0
What is the tens digit of 755798368?
6
What is the hundreds digit of 555309949?
9
What is the millions digit of 365965712?
5
What is the tens digit of 67501666?
6
What is the ten millions digit of 121142253?
2
What is the thousands digit of 395597040?
7
What is the millions digit of 36385666?
6
What is the hundreds digit of 3612869571?
5
What is the hundred millions digit of 213098295?
2
What is the thousands digit of 66668847?
8
What is the thousands digit of 996220260?
0
What is the hundred millions digit of 104538550?
1
What is the tens digit of 572951091?
9
What is the hundred millions digit of 544049297?
5
What is the ten millions digit of 951961121?
5
What is the ten thousands digit of 122411458?
1
What is the ten millions digit of 444019361?
4
What is the tens digit of 15001926?
2
What is the ten millions digit of 1052189913?
5
What is the hundreds digit of 348123204?
2
What is the hundreds digit of 42062966?
9
What is the hundred millions digit of 195203604?
1
What is the ten thousands digit of 717226231?
2
What is the hundred thousands digit of 4472625074?
6
What is the hundred thousands digit of 1161446593?
4
What is the ten millions digit of 738738300?
3
What is the tens digit of 2324292655?
5
What is the hundred thousands digit of 66257661?
2
What is the hundred thousands digit of 99759453?
7
What is the units digit of 475961718?
8
What is the hundred millions digit of 592795032?
5
What is the hundreds digit of 186811682?
6
What is the millions digit of 309169611?
9
What is the hundred thousands digit of 36136518?
1
What is the millions digit of 4844874744?
4
What is the millions digit of 895480007?
5
What is the units digit of 44900954?
4
What is the millions digit of 785933109?
5
What is the ten thousands digit of 4227613047?
1
What is the units digit of 422547112?
2
What is the millions digit of 4652433076?
2
What is the ten millions digit of 2589509011?
8
What is the ten thousands digit of 2769451898?
5
What is the units digit of 4546397048?
8
What is the tens digit of 158125674?
7
What is the hundred millions digit of 335062593?
3
What is the tens digit of 50909570?
7
What is the ten thousands digit of 4747763705?
6
What is the hundred millions digit of 2687642421?
6
What is the hundred thousands digit of 18651649?
6
What is the tens digit of 104678667?
6
What is the millions digit of 82590980?
2
What is the hundreds digit of 338027452?
4
What is the millions digit of 529272050?
9
What is the hundred thousands digit of 10780244?
7
What is the hundred millions digit of 2053197184?
0
What is the ten thousands digit of 1526075986?
7
What is the hundreds digit of 62364636?
6
What is the tens digit of 109321723?
2
What is the ten millions digit of 904602222?
0
What is the thousands digit of 205409679?
9
What is the hundred millions digit of 684245821?
6
What is the hundred thousands digit of 96864915?
8
What is the hundred thousands digit of 1195866752?
8
What is the units digit of 132008066?
6
What is the hundred millions digit of 2149306818?
1
What is the millions digit of 873233846?
3
What is the ten thousands digit of 108195468?
9
What is the hundred thousands digit of 2236937155?
9
What is the hundreds digit of 1940800?
8
What is the units digit of 308667872?
2
What is the ten millions digit of 492252749?
9
What is the units digit of 106915894?
4
What is the hundred millions digit of 259328671?
2
What is the tens digit of 388344984?
8
What is the thousands digit of 12407924?
7
What is the tens digit of 101882623?
2
What is the tens digit of 1379300619?
1
What is the ten thousands digit of 48992590?
9
What is the ten thousands digit of 8418415?
1
What is the units digit of 357237357?
7
What is the thousands digit of 29998284?
8
What is the hundred thousands digit of 3168237768?
2
What is the ten millions digit of 450212041?
5
What is the millions digit of 4230950908?
0
What is the hundred thousands digit of 166581272?
5
What is the ten thousands digit of 99176990?
7
What is the tens digit of 35127767?
6
What is the millions digit of 9515833?
9
What is the units digit of 228449425?
5
What is the hundred thousands digit of 234114522?
1
What is the hundreds digit of 53782158?
1
What is the ten millions digit of 440131020?
4
What is the thousands digit of 4401249738?
9
What is the hundreds digit of 159237736?
7
What is the thousands digit of 5509564?
9
What is the tens digit of 1121162?
6
What is the millions digit of 6479139193?
9
What is the hundreds digit of 2742324299?
2
What is the millions digit of 